{"id":240,"date":"2022-02-17T21:00:08","date_gmt":"2022-02-17T21:00:08","guid":{"rendered":"https:\/\/malmiblaze.fi\/?page_id=240"},"modified":"2026-01-25T19:37:46","modified_gmt":"2026-01-25T19:37:46","slug":"blaze-awards","status":"publish","type":"page","link":"https:\/\/malmiblaze.fi\/?page_id=240","title":{"rendered":"Blaze awards"},"content":{"rendered":"\n<h2 class=\"wp-block-heading\">BLAZE AWARDS<\/h2>\n\n\n\n<h2 class=\"wp-block-heading\" id=\"2013-winners\">2013 winners<\/h2>\n\n\n\n<figure class=\"wp-block-table is-style-stripes\"><table><tbody><tr><th class=\"has-text-align-center\" data-align=\"center\">The award<\/th><th class=\"has-text-align-center\" data-align=\"center\">The winner<\/th><\/tr><tr><td class=\"has-text-align-center\" data-align=\"center\">MVP 2013<\/td><td class=\"has-text-align-center\" data-align=\"center\">Nemir Abdelraziq<\/td><\/tr><tr><td class=\"has-text-align-center\" data-align=\"center\">Offensive lineman of the year<\/td><td class=\"has-text-align-center\" data-align=\"center\">Tommi H\u00e4m\u00e4l\u00e4inen<\/td><\/tr><tr><td class=\"has-text-align-center\" data-align=\"center\">Defensive lineman of the year<\/td><td class=\"has-text-align-center\" data-align=\"center\">Nemir Abdelraziq<\/td><\/tr><tr><td class=\"has-text-align-center\" data-align=\"center\">Best WR\/RB of the year<\/td><td class=\"has-text-align-center\" data-align=\"center\">Janne Helenius<\/td><\/tr><tr><td class=\"has-text-align-center\" data-align=\"center\">Best LB\/DB of the year<\/td><td class=\"has-text-align-center\" data-align=\"center\">Antti V\u00e4is\u00e4nen<\/td><\/tr><\/tbody><\/table><\/figure>\n\n\n\n<h2 class=\"wp-block-heading\" id=\"2014-winners\">2014 winners<\/h2>\n\n\n\n<figure class=\"wp-block-table is-style-stripes\"><table><tbody><tr><th class=\"has-text-align-center\" data-align=\"center\">The award<\/th><th class=\"has-text-align-center\" data-align=\"center\">The winner<\/th><\/tr><tr><td class=\"has-text-align-center\" data-align=\"center\">MVP 2014<\/td><td class=\"has-text-align-center\" data-align=\"center\">Ilmo Jokelainen<\/td><\/tr><tr><td class=\"has-text-align-center\" data-align=\"center\">Offensive lineman of the year<\/td><td class=\"has-text-align-center\" data-align=\"center\">Timo J\u00e4\u00e4skel\u00e4inen<\/td><\/tr><tr><td class=\"has-text-align-center\" data-align=\"center\">Defensive lineman of the year<\/td><td class=\"has-text-align-center\" data-align=\"center\">Tommi H\u00e4m\u00e4l\u00e4inen<\/td><\/tr><tr><td class=\"has-text-align-center\" data-align=\"center\">Best WR\/RB of the year<\/td><td class=\"has-text-align-center\" data-align=\"center\">Ilmo Jokelainen<\/td><\/tr><tr><td class=\"has-text-align-center\" data-align=\"center\">Best LB\/DB of the year<\/td><td class=\"has-text-align-center\" data-align=\"center\">Teemu Pahkala<\/td><\/tr><\/tbody><\/table><\/figure>\n\n\n\n<h2 class=\"wp-block-heading\" id=\"2015-winners\">2015 winners<\/h2>\n\n\n\n<figure class=\"wp-block-table is-style-stripes\"><table><tbody><tr><th class=\"has-text-align-center\" data-align=\"center\">The award<\/th><th class=\"has-text-align-center\" data-align=\"center\">The winner<\/th><\/tr><tr><td class=\"has-text-align-center\" data-align=\"center\">MVP 2015<\/td><td class=\"has-text-align-center\" data-align=\"center\">Ilmo Jokelainen<\/td><\/tr><tr><td class=\"has-text-align-center\" data-align=\"center\">Outstanding player<\/td><td class=\"has-text-align-center\" data-align=\"center\">Jarmo Manninen<\/td><\/tr><tr><td class=\"has-text-align-center\" data-align=\"center\">Offensive lineman of the year<\/td><td class=\"has-text-align-center\" data-align=\"center\">Janne Petjoi<\/td><\/tr><tr><td class=\"has-text-align-center\" data-align=\"center\">Defensive lineman of the year<\/td><td class=\"has-text-align-center\" data-align=\"center\">Veli-Pekka Vuorela<\/td><\/tr><tr><td class=\"has-text-align-center\" data-align=\"center\">Best WR\/RB of the year<\/td><td class=\"has-text-align-center\" data-align=\"center\">Ilmo Jokelainen<\/td><\/tr><tr><td class=\"has-text-align-center\" data-align=\"center\">Best LB\/DB of the year<\/td><td class=\"has-text-align-center\" data-align=\"center\">Antti Saari<\/td><\/tr><tr><td class=\"has-text-align-center\" data-align=\"center\">Offensive Rookie of the year<\/td><td class=\"has-text-align-center\" data-align=\"center\">Marko Ahola<\/td><\/tr><tr><td class=\"has-text-align-center\" data-align=\"center\">Defensive Rookie of the year<\/td><td class=\"has-text-align-center\" data-align=\"center\">Juho Lepp\u00e4nen<\/td><\/tr><tr><td class=\"has-text-align-center\" data-align=\"center\">Practicer of the year<\/td><td class=\"has-text-align-center\" data-align=\"center\">Mikko Saarikoski<\/td><\/tr><tr><td class=\"has-text-align-center\" data-align=\"center\">Coach of the year<\/td><td class=\"has-text-align-center\" data-align=\"center\">Antti Saari<\/td><\/tr><\/tbody><\/table><\/figure>\n\n\n\n<h2 class=\"wp-block-heading\" id=\"2016-winners\">2016 winners<\/h2>\n\n\n\n<figure class=\"wp-block-table is-style-stripes\"><table><tbody><tr><th class=\"has-text-align-center\" data-align=\"center\">The award<\/th><th class=\"has-text-align-center\" data-align=\"center\">The winner<\/th><\/tr><tr><td class=\"has-text-align-center\" data-align=\"center\">MVP 2016<\/td><td class=\"has-text-align-center\" data-align=\"center\">Antti Saari<\/td><\/tr><tr><td class=\"has-text-align-center\" data-align=\"center\">Outstanding player<\/td><td class=\"has-text-align-center\" data-align=\"center\">Janne Holkko<\/td><\/tr><tr><td class=\"has-text-align-center\" data-align=\"center\">Offensive lineman of the year<\/td><td class=\"has-text-align-center\" data-align=\"center\">Tero Parttimaa<\/td><\/tr><tr><td class=\"has-text-align-center\" data-align=\"center\">Defensive lineman of the year<\/td><td class=\"has-text-align-center\" data-align=\"center\">Ville Siiskonen<\/td><\/tr><tr><td class=\"has-text-align-center\" data-align=\"center\">Best WR\/RB of the year<\/td><td class=\"has-text-align-center\" data-align=\"center\">Ilmo Jokelainen<\/td><\/tr><tr><td class=\"has-text-align-center\" data-align=\"center\">Best LB\/DB of the year<\/td><td class=\"has-text-align-center\" data-align=\"center\">Antti Saari<\/td><\/tr><tr><td class=\"has-text-align-center\" data-align=\"center\">Offensive player of the year<\/td><td class=\"has-text-align-center\" data-align=\"center\">Jussef El Quacef<\/td><\/tr><tr><td class=\"has-text-align-center\" data-align=\"center\">Defensive player of the year<\/td><td class=\"has-text-align-center\" data-align=\"center\">Santeri Korkee<\/td><\/tr><tr><td class=\"has-text-align-center\" data-align=\"center\">Freshman of the year<\/td><td class=\"has-text-align-center\" data-align=\"center\">Santeri Korkee<\/td><\/tr><tr><td class=\"has-text-align-center\" data-align=\"center\">Practicer of the year<\/td><td class=\"has-text-align-center\" data-align=\"center\">Janne Kujansuu<\/td><\/tr><tr><td class=\"has-text-align-center\" data-align=\"center\">Coach of the year<\/td><td class=\"has-text-align-center\" data-align=\"center\">Tuomas R\u00f6nqqvist<\/td><\/tr><\/tbody><\/table><\/figure>\n\n\n\n<h2 class=\"wp-block-heading\" id=\"2017-no-awards\">2017 no awards<\/h2>\n\n\n\n<h2 class=\"wp-block-heading\" id=\"2018-winners\">2018 winners<\/h2>\n\n\n\n<figure class=\"wp-block-table is-style-stripes\"><table><tbody><tr><th class=\"has-text-align-center\" data-align=\"center\">The award<\/th><th class=\"has-text-align-center\" data-align=\"center\">The winner<\/th><\/tr><tr><td class=\"has-text-align-center\" data-align=\"center\">MVP 2018<\/td><td class=\"has-text-align-center\" data-align=\"center\">Verneri Korkee<\/td><\/tr><tr><td class=\"has-text-align-center\" data-align=\"center\">Offensive lineman of the year<\/td><td class=\"has-text-align-center\" data-align=\"center\">Antti Havanko<\/td><\/tr><tr><td class=\"has-text-align-center\" data-align=\"center\">Defensive lineman of the year<\/td><td class=\"has-text-align-center\" data-align=\"center\">Veli-Pekka Vuorela<\/td><\/tr><tr><td class=\"has-text-align-center\" data-align=\"center\">Best WR\/RB of the year<\/td><td class=\"has-text-align-center\" data-align=\"center\">Verneri Korkee<\/td><\/tr><tr><td class=\"has-text-align-center\" data-align=\"center\">Best LB\/DB of the year<\/td><td class=\"has-text-align-center\" data-align=\"center\">Markus Nieminen<\/td><\/tr><\/tbody><\/table><\/figure>\n\n\n\n<h2 class=\"wp-block-heading\" id=\"2019-winners\">2019 winners<\/h2>\n\n\n\n<figure class=\"wp-block-table is-style-stripes\"><table><tbody><tr><th class=\"has-text-align-center\" data-align=\"center\">The award<\/th><th class=\"has-text-align-center\" data-align=\"center\">The winner<\/th><\/tr><tr><td class=\"has-text-align-center\" data-align=\"center\">MVP 2019<\/td><td class=\"has-text-align-center\" data-align=\"center\">Verneri Korkee<\/td><\/tr><tr><td class=\"has-text-align-center\" data-align=\"center\">Offensive lineman of the year<\/td><td class=\"has-text-align-center\" data-align=\"center\">Veli-Pekka Vuorela<\/td><\/tr><tr><td class=\"has-text-align-center\" data-align=\"center\">Defensive lineman of the year<\/td><td class=\"has-text-align-center\" data-align=\"center\">Veli-Pekka Vuorela<\/td><\/tr><tr><td class=\"has-text-align-center\" data-align=\"center\">Best WR\/RB of the year<\/td><td class=\"has-text-align-center\" data-align=\"center\">Verneri Korkee<\/td><\/tr><tr><td class=\"has-text-align-center\" data-align=\"center\">Best LB\/DB of the year<\/td><td class=\"has-text-align-center\" data-align=\"center\">Markus Nieminen<\/td><\/tr><\/tbody><\/table><\/figure>\n\n\n\n<h2 class=\"wp-block-heading\" id=\"2020-winners\">2020 winners<\/h2>\n\n\n\n<figure class=\"wp-block-table is-style-stripes\"><table><tbody><tr><th class=\"has-text-align-center\" data-align=\"center\">The award<\/th><th class=\"has-text-align-center\" data-align=\"center\">The winner<\/th><\/tr><tr><td class=\"has-text-align-center\" data-align=\"center\">MVP 2020<\/td><td class=\"has-text-align-center\" data-align=\"center\">Patrick Story<\/td><\/tr><tr><td class=\"has-text-align-center\" data-align=\"center\">Offensive lineman of the year<\/td><td class=\"has-text-align-center\" data-align=\"center\">Janne Petjoi<\/td><\/tr><tr><td class=\"has-text-align-center\" data-align=\"center\">Defensive lineman of the year<\/td><td class=\"has-text-align-center\" data-align=\"center\">Semi Sorre<\/td><\/tr><tr><td class=\"has-text-align-center\" data-align=\"center\">Best WR\/RB of the year<\/td><td class=\"has-text-align-center\" data-align=\"center\">Vertti Huttunen<\/td><\/tr><tr><td class=\"has-text-align-center\" data-align=\"center\">Best LB\/DB of the year<\/td><td class=\"has-text-align-center\" data-align=\"center\">Markus Nieminen<\/td><\/tr><tr><td class=\"has-text-align-center\" data-align=\"center\">Blaze rookie of the year<\/td><td class=\"has-text-align-center\" data-align=\"center\">Mika Stirkkinen<\/td><\/tr><\/tbody><\/table><\/figure>\n\n\n\n<h2 class=\"wp-block-heading\" id=\"2021-winners\">2021 winners<\/h2>\n\n\n\n<figure class=\"wp-block-table is-style-stripes\"><table><tbody><tr><th class=\"has-text-align-center\" data-align=\"center\">The award<\/th><th class=\"has-text-align-center\" data-align=\"center\">The winner<\/th><\/tr><tr><td class=\"has-text-align-center\" data-align=\"center\">MVP 2021<\/td><td class=\"has-text-align-center\" data-align=\"center\">Patrick Story<\/td><\/tr><tr><td class=\"has-text-align-center\" data-align=\"center\">Offensive lineman of the year<\/td><td class=\"has-text-align-center\" data-align=\"center\">Joonas Lappalainen<\/td><\/tr><tr><td class=\"has-text-align-center\" data-align=\"center\">Defensive lineman of the year<\/td><td class=\"has-text-align-center\" data-align=\"center\">Simeon Siltam\u00e4ki<\/td><\/tr><tr><td class=\"has-text-align-center\" data-align=\"center\">Best WR\/RB of the year<\/td><td class=\"has-text-align-center\" data-align=\"center\">Mika Stirkkinen<\/td><\/tr><tr><td class=\"has-text-align-center\" data-align=\"center\">Best LB\/DB of the year<\/td><td class=\"has-text-align-center\" data-align=\"center\">Patrick Story<\/td><\/tr><tr><td class=\"has-text-align-center\" data-align=\"center\">Blaze rookie of the year<\/td><td class=\"has-text-align-center\" data-align=\"center\">Vili Leinonen<\/td><\/tr><tr><td class=\"has-text-align-center\" data-align=\"center\">Best Reinforcer<\/td><td class=\"has-text-align-center\" data-align=\"center\">Gustav Wahlstein<\/td><\/tr><tr><td class=\"has-text-align-center\" data-align=\"center\">Hardest practicer<\/td><td class=\"has-text-align-center\" data-align=\"center\">Mika Stirkkinen<\/td><\/tr><\/tbody><\/table><\/figure>\n\n\n\n<h2 class=\"wp-block-heading\">2022 winners<\/h2>\n\n\n\n<figure class=\"wp-block-table is-style-stripes\"><table><tbody><tr><th class=\"has-text-align-center\" data-align=\"center\">The award<\/th><th class=\"has-text-align-center\" data-align=\"center\">The winner<\/th><\/tr><tr><td class=\"has-text-align-center\" data-align=\"center\">MVP 2022<\/td><td class=\"has-text-align-center\" data-align=\"center\">Patrick Story<\/td><\/tr><tr><td class=\"has-text-align-center\" data-align=\"center\">Offensive lineman of the year<\/td><td class=\"has-text-align-center\" data-align=\"center\">Simeon Siltam\u00e4ki<\/td><\/tr><tr><td class=\"has-text-align-center\" data-align=\"center\">Defensive lineman of the year<\/td><td class=\"has-text-align-center\" data-align=\"center\">Joel R\u00f6ssi<\/td><\/tr><tr><td class=\"has-text-align-center\" data-align=\"center\">Best WR\/RB of the year<\/td><td class=\"has-text-align-center\" data-align=\"center\">Janne Helenius<\/td><\/tr><tr><td class=\"has-text-align-center\" data-align=\"center\">Best LB\/DB of the year<\/td><td class=\"has-text-align-center\" data-align=\"center\">Miikka Hukkanen<\/td><\/tr><tr><td class=\"has-text-align-center\" data-align=\"center\">Blaze rookie of the year<\/td><td class=\"has-text-align-center\" data-align=\"center\">Micke Kaarnakari<\/td><\/tr><tr><td class=\"has-text-align-center\" data-align=\"center\">Best Reinforcer<\/td><td class=\"has-text-align-center\" data-align=\"center\">Onni Vainionp\u00e4\u00e4<\/td><\/tr><tr><td class=\"has-text-align-center\" data-align=\"center\">Best Coach<\/td><td class=\"has-text-align-center\" data-align=\"center\">Terho Soini<\/td><\/tr><\/tbody><\/table><\/figure>\n\n\n\n<h2 class=\"wp-block-heading\">2023 winners<\/h2>\n\n\n\n<figure class=\"wp-block-table is-style-stripes\"><table><tbody><tr><th class=\"has-text-align-center\" data-align=\"center\">The award<\/th><th class=\"has-text-align-center\" data-align=\"center\">The winner<\/th><\/tr><tr><td class=\"has-text-align-center\" data-align=\"center\">MVP 2023<\/td><td class=\"has-text-align-center\" data-align=\"center\">Micke Kaarnakari<\/td><\/tr><tr><td class=\"has-text-align-center\" data-align=\"center\">Offensive lineman of the year<\/td><td class=\"has-text-align-center\" data-align=\"center\">Jesse Malkam\u00e4ki<\/td><\/tr><tr><td class=\"has-text-align-center\" data-align=\"center\">Defensive lineman of the year<\/td><td class=\"has-text-align-center\" data-align=\"center\">Mika Stirkkinen<\/td><\/tr><tr><td class=\"has-text-align-center\" data-align=\"center\">Best WR\/RB of the year<\/td><td class=\"has-text-align-center\" data-align=\"center\">Patrick Story<\/td><\/tr><tr><td class=\"has-text-align-center\" data-align=\"center\">Best LB\/DB of the year<\/td><td class=\"has-text-align-center\" data-align=\"center\">Jani Hakala<\/td><\/tr><tr><td class=\"has-text-align-center\" data-align=\"center\">Blaze rookie of the year<\/td><td class=\"has-text-align-center\" data-align=\"center\">Joonatan Vuorela<\/td><\/tr><tr><td class=\"has-text-align-center\" data-align=\"center\">Best Reinforcer<\/td><td class=\"has-text-align-center\" data-align=\"center\">Gustav Wahlstein<\/td><\/tr><tr><td class=\"has-text-align-center\" data-align=\"center\">Best Coach<\/td><td class=\"has-text-align-center\" data-align=\"center\">Tero Vartiainen<\/td><\/tr><\/tbody><\/table><\/figure>\n\n\n\n<h2 class=\"wp-block-heading\">2024 winners<\/h2>\n\n\n\n<figure class=\"wp-block-table is-style-stripes\"><table><tbody><tr><th class=\"has-text-align-center\" data-align=\"center\">The award<\/th><th class=\"has-text-align-center\" data-align=\"center\">The winner<\/th><\/tr><tr><td class=\"has-text-align-center\" data-align=\"center\">MVP 2024<\/td><td class=\"has-text-align-center\" data-align=\"center\">Jani Hakala<\/td><\/tr><tr><td class=\"has-text-align-center\" data-align=\"center\">Offensive lineman of the year<\/td><td class=\"has-text-align-center\" data-align=\"center\">Jesse Malkam\u00e4ki<\/td><\/tr><tr><td class=\"has-text-align-center\" data-align=\"center\">Defensive lineman of the year<\/td><td class=\"has-text-align-center\" data-align=\"center\">Matthew Frey<\/td><\/tr><tr><td class=\"has-text-align-center\" data-align=\"center\">Best WR\/RB of the year<\/td><td class=\"has-text-align-center\" data-align=\"center\">Vertti Huttunen<\/td><\/tr><tr><td class=\"has-text-align-center\" data-align=\"center\">Best LB\/DB of the year<\/td><td class=\"has-text-align-center\" data-align=\"center\">Patrick Herkama<\/td><\/tr><tr><td class=\"has-text-align-center\" data-align=\"center\">Blaze rookie of the year<\/td><td class=\"has-text-align-center\" data-align=\"center\">Matthew Frey<\/td><\/tr><tr><td class=\"has-text-align-center\" data-align=\"center\">Best Reinforcer<\/td><td class=\"has-text-align-center\" data-align=\"center\">Oskari Pokki<\/td><\/tr><tr><td class=\"has-text-align-center\" data-align=\"center\">Best Coach<\/td><td class=\"has-text-align-center\" data-align=\"center\">Terho Soini<\/td><\/tr><\/tbody><\/table><\/figure>\n\n\n\n<h2 class=\"wp-block-heading\">2025 winners<\/h2>\n\n\n\n<figure class=\"wp-block-table is-style-stripes\"><table><tbody><tr><th class=\"has-text-align-center\" data-align=\"center\">The award<\/th><th class=\"has-text-align-center\" data-align=\"center\">The winner<\/th><\/tr><tr><td class=\"has-text-align-center\" data-align=\"center\">MVP 2025<\/td><td class=\"has-text-align-center\" data-align=\"center\">Janne Tefke<\/td><\/tr><tr><td class=\"has-text-align-center\" data-align=\"center\">Offensive Player of the Year (OPOY)<\/td><td class=\"has-text-align-center\" data-align=\"center\">Vili Lautala<\/td><\/tr><tr><td class=\"has-text-align-center\" data-align=\"center\">Defensive Player of the Year (DPOY)<\/td><td class=\"has-text-align-center\" data-align=\"center\">Elias Bj\u00f6rn<\/td><\/tr><tr><td class=\"has-text-align-center\" data-align=\"center\">Lineman of the Year<\/td><td class=\"has-text-align-center\" data-align=\"center\">Niklas Kingo<\/td><\/tr><tr><td class=\"has-text-align-center\" data-align=\"center\">Best LB\/DB of the year<\/td><td class=\"has-text-align-center\" data-align=\"center\">Patrick Herkama<\/td><\/tr><tr><td class=\"has-text-align-center\" data-align=\"center\">Blaze rookie of the year<\/td><td class=\"has-text-align-center\" data-align=\"center\">Janne Tefke<\/td><\/tr><\/tbody><\/table><\/figure>\n","protected":false},"excerpt":{"rendered":"<p>BLAZE AWARDS 2013 winners The award The winner MVP 2013 Nemir Abdelraziq Offensive lineman of [&hellip;]<\/p>\n","protected":false},"author":1,"featured_media":0,"parent":176,"menu_order":0,"comment_status":"closed","ping_status":"closed","template":"template-full-width.php","meta":{"inline_featured_image":false,"footnotes":""},"class_list":["post-240","page","type-page","status-publish","hentry"],"_links":{"self":[{"href":"https:\/\/malmiblaze.fi\/index.php?rest_route=\/wp\/v2\/pages\/240"}],"collection":[{"href":"https:\/\/malmiblaze.fi\/index.php?rest_route=\/wp\/v2\/pages"}],"about":[{"href":"https:\/\/malmiblaze.fi\/index.php?rest_route=\/wp\/v2\/types\/page"}],"author":[{"embeddable":true,"href":"https:\/\/malmiblaze.fi\/index.php?rest_route=\/wp\/v2\/users\/1"}],"replies":[{"embeddable":true,"href":"https:\/\/malmiblaze.fi\/index.php?rest_route=%2Fwp%2Fv2%2Fcomments&post=240"}],"version-history":[{"count":12,"href":"https:\/\/malmiblaze.fi\/index.php?rest_route=\/wp\/v2\/pages\/240\/revisions"}],"predecessor-version":[{"id":773,"href":"https:\/\/malmiblaze.fi\/index.php?rest_route=\/wp\/v2\/pages\/240\/revisions\/773"}],"up":[{"embeddable":true,"href":"https:\/\/malmiblaze.fi\/index.php?rest_route=\/wp\/v2\/pages\/176"}],"wp:attachment":[{"href":"https:\/\/malmiblaze.fi\/index.php?rest_route=%2Fwp%2Fv2%2Fmedia&parent=240"}],"curies":[{"name":"wp","href":"https:\/\/api.w.org\/{rel}","templated":true}]}}