{"id":271,"date":"2022-02-19T11:10:22","date_gmt":"2022-02-19T11:10:22","guid":{"rendered":"https:\/\/malmiblaze.fi\/?page_id=271"},"modified":"2022-02-19T11:17:48","modified_gmt":"2022-02-19T11:17:48","slug":"roster-2013","status":"publish","type":"page","link":"https:\/\/malmiblaze.fi\/?page_id=271","title":{"rendered":"Roster 2013"},"content":{"rendered":"\n<h2 class=\"wp-block-heading\" id=\"blaze-roster-2013\">Blaze Roster 2013<\/h2>\n\n\n\n<figure class=\"wp-block-table is-style-regular\"><table><tbody><tr><td class=\"has-text-align-center\" data-align=\"center\"><strong>Number<\/strong><\/td><td class=\"has-text-align-center\" data-align=\"center\"><strong>Position<\/strong><\/td><td><strong>Name<\/strong><\/td><\/tr><tr><td class=\"has-text-align-center\" data-align=\"center\"># 11<\/td><td class=\"has-text-align-center\" data-align=\"center\">WR<\/td><td>Janne Helenius<\/td><\/tr><tr><td class=\"has-text-align-center\" data-align=\"center\"># 12<\/td><td class=\"has-text-align-center\" data-align=\"center\">DB<\/td><td>Ville Ahokas<\/td><\/tr><tr><td class=\"has-text-align-center\" data-align=\"center\"># 12<\/td><td class=\"has-text-align-center\" data-align=\"center\">QB \/ LB<\/td><td>Veli-Pekka Vuorela<\/td><\/tr><tr><td class=\"has-text-align-center\" data-align=\"center\"># 14<\/td><td class=\"has-text-align-center\" data-align=\"center\">WR \/ DB<\/td><td>Aliaksandr Kureichyk<\/td><\/tr><tr><td class=\"has-text-align-center\" data-align=\"center\"># 18<\/td><td class=\"has-text-align-center\" data-align=\"center\">QB<\/td><td>Joe Leitola<\/td><\/tr><tr><td class=\"has-text-align-center\" data-align=\"center\"># 20<\/td><td class=\"has-text-align-center\" data-align=\"center\">DL \/ LB<\/td><td>Miikka Hukkanen<\/td><\/tr><tr><td class=\"has-text-align-center\" data-align=\"center\"># 21<\/td><td class=\"has-text-align-center\" data-align=\"center\">WR<\/td><td>Rustam Brattsenko<\/td><\/tr><tr><td class=\"has-text-align-center\" data-align=\"center\"># 31<\/td><td class=\"has-text-align-center\" data-align=\"center\">RB<\/td><td>Kaarlo Korhonen<\/td><\/tr><tr><td class=\"has-text-align-center\" data-align=\"center\"># 32<\/td><td class=\"has-text-align-center\" data-align=\"center\">OL<\/td><td>Tommi H\u00e4m\u00e4l\u00e4inen<\/td><\/tr><tr><td class=\"has-text-align-center\" data-align=\"center\"># 33<\/td><td class=\"has-text-align-center\" data-align=\"center\">DB \/ LB<\/td><td>Tapio Savolainen<\/td><\/tr><tr><td class=\"has-text-align-center\" data-align=\"center\"># 42<\/td><td class=\"has-text-align-center\" data-align=\"center\">DB<\/td><td>Lauri Murto<\/td><\/tr><tr><td class=\"has-text-align-center\" data-align=\"center\"># 52<\/td><td class=\"has-text-align-center\" data-align=\"center\">LB<\/td><td>Joni H\u00e4m\u00e4l\u00e4inen<\/td><\/tr><tr><td class=\"has-text-align-center\" data-align=\"center\"># 54<\/td><td class=\"has-text-align-center\" data-align=\"center\">RB<\/td><td>Kimi Niiranen<\/td><\/tr><tr><td class=\"has-text-align-center\" data-align=\"center\"># 55<\/td><td class=\"has-text-align-center\" data-align=\"center\">DL<\/td><td>Nemir Abdelraziq<\/td><\/tr><tr><td class=\"has-text-align-center\" data-align=\"center\"># 60<\/td><td class=\"has-text-align-center\" data-align=\"center\">LB<\/td><td>Antti V\u00e4is\u00e4nen<\/td><\/tr><tr><td class=\"has-text-align-center\" data-align=\"center\"># 66<\/td><td class=\"has-text-align-center\" data-align=\"center\">C \/ OL \/ DL<\/td><td>Adam Ben Anene<\/td><\/tr><tr><td class=\"has-text-align-center\" data-align=\"center\"># 69<\/td><td class=\"has-text-align-center\" data-align=\"center\">C<\/td><td>Ville-Veikko Pasanen<\/td><\/tr><tr><td class=\"has-text-align-center\" data-align=\"center\"># 88<\/td><td class=\"has-text-align-center\" data-align=\"center\">WR<\/td><td>Daniel Stranstr\u00f6m<\/td><\/tr><tr><td class=\"has-text-align-center\" data-align=\"center\"># 89<\/td><td class=\"has-text-align-center\" data-align=\"center\">WR<\/td><td>Niko Silventoinen<\/td><\/tr><\/tbody><\/table><\/figure>\n\n\n\n<p style=\"font-size:35px\"><strong>STAFF<\/strong><\/p>\n\n\n\n<figure class=\"wp-block-table\"><table><tbody><tr><td>Head coach<\/td><td>Veli-Pekka Vuorela<\/td><\/tr><tr><td>Defensive Coordinator<\/td><td>Aarni Korhonen<\/td><\/tr><tr><td>Defensive Assistan Coach<\/td><td>Jonas L\u00f6v<\/td><\/tr><tr><td>Waterboy<\/td><td>Kimi Nylund<\/td><\/tr><tr><td>Media Team \/ Producer Manager<\/td><td>Niko Silventoinen<\/td><\/tr><\/tbody><\/table><\/figure>\n","protected":false},"excerpt":{"rendered":"<p>Blaze Roster 2013 Number Position Name # 11 WR Janne Helenius # 12 DB Ville [&hellip;]<\/p>\n","protected":false},"author":1,"featured_media":0,"parent":197,"menu_order":0,"comment_status":"closed","ping_status":"closed","template":"template-full-width.php","meta":{"inline_featured_image":false,"footnotes":""},"class_list":["post-271","page","type-page","status-publish","hentry"],"_links":{"self":[{"href":"https:\/\/malmiblaze.fi\/index.php?rest_route=\/wp\/v2\/pages\/271"}],"collection":[{"href":"https:\/\/malmiblaze.fi\/index.php?rest_route=\/wp\/v2\/pages"}],"about":[{"href":"https:\/\/malmiblaze.fi\/index.php?rest_route=\/wp\/v2\/types\/page"}],"author":[{"embeddable":true,"href":"https:\/\/malmiblaze.fi\/index.php?rest_route=\/wp\/v2\/users\/1"}],"replies":[{"embeddable":true,"href":"https:\/\/malmiblaze.fi\/index.php?rest_route=%2Fwp%2Fv2%2Fcomments&post=271"}],"version-history":[{"count":6,"href":"https:\/\/malmiblaze.fi\/index.php?rest_route=\/wp\/v2\/pages\/271\/revisions"}],"predecessor-version":[{"id":280,"href":"https:\/\/malmiblaze.fi\/index.php?rest_route=\/wp\/v2\/pages\/271\/revisions\/280"}],"up":[{"embeddable":true,"href":"https:\/\/malmiblaze.fi\/index.php?rest_route=\/wp\/v2\/pages\/197"}],"wp:attachment":[{"href":"https:\/\/malmiblaze.fi\/index.php?rest_route=%2Fwp%2Fv2%2Fmedia&parent=271"}],"curies":[{"name":"wp","href":"https:\/\/api.w.org\/{rel}","templated":true}]}}