{"id":290,"date":"2022-02-19T12:33:49","date_gmt":"2022-02-19T12:33:49","guid":{"rendered":"https:\/\/malmiblaze.fi\/?page_id=290"},"modified":"2022-02-19T12:54:09","modified_gmt":"2022-02-19T12:54:09","slug":"roster-2016","status":"publish","type":"page","link":"https:\/\/malmiblaze.fi\/?page_id=290","title":{"rendered":"Roster 2016"},"content":{"rendered":"\n<h2 class=\"wp-block-heading\" id=\"blaze-roster-2016\">Blaze Roster 2016<\/h2>\n\n\n\n<figure class=\"wp-block-table is-style-regular\"><table><tbody><tr><td class=\"has-text-align-center\" data-align=\"center\"><strong>Number<\/strong><\/td><td class=\"has-text-align-center\" data-align=\"center\"><strong>Position<\/strong><\/td><td><strong>Name<\/strong><\/td><\/tr><tr><td class=\"has-text-align-center\" data-align=\"center\"># 1<\/td><td class=\"has-text-align-center\" data-align=\"center\">FB \/ DE<\/td><td>Ville Siiskonen<\/td><\/tr><tr><td class=\"has-text-align-center\" data-align=\"center\"># 2<\/td><td class=\"has-text-align-center\" data-align=\"center\">DB<\/td><td>Ari K\u00e4rkk\u00e4inen<\/td><\/tr><tr><td class=\"has-text-align-center\" data-align=\"center\"># 3<\/td><td class=\"has-text-align-center\" data-align=\"center\">DB \/ CB<\/td><td>Timo Oksanen<\/td><\/tr><tr><td class=\"has-text-align-center\" data-align=\"center\"># 4<\/td><td class=\"has-text-align-center\" data-align=\"center\">LB<\/td><td>Timo Oksanen<\/td><\/tr><tr><td class=\"has-text-align-center\" data-align=\"center\"># 8<\/td><td class=\"has-text-align-center\" data-align=\"center\">LB<\/td><td>Ville Enqvist<\/td><\/tr><tr><td class=\"has-text-align-center\" data-align=\"center\"># 10<\/td><td class=\"has-text-align-center\" data-align=\"center\">DB \/ P<\/td><td>Lauri Murto<\/td><\/tr><tr><td class=\"has-text-align-center\" data-align=\"center\"># 11<\/td><td class=\"has-text-align-center\" data-align=\"center\">CB<\/td><td>Mikko Saarikoski<\/td><\/tr><tr><td class=\"has-text-align-center\" data-align=\"center\"># 12<\/td><td class=\"has-text-align-center\" data-align=\"center\">QB<\/td><td>Janne Holkko<\/td><\/tr><tr><td class=\"has-text-align-center\" data-align=\"center\"># 13<\/td><td class=\"has-text-align-center\" data-align=\"center\">WR<\/td><td>Janne Kujansuu<\/td><\/tr><tr><td class=\"has-text-align-center\" data-align=\"center\"># 13<\/td><td class=\"has-text-align-center\" data-align=\"center\">LB<\/td><td>Tare Lepist\u00f6<\/td><\/tr><tr><td class=\"has-text-align-center\" data-align=\"center\"># 17<\/td><td class=\"has-text-align-center\" data-align=\"center\">WR \/ CB<\/td><td>Ilmo Jokelainen<\/td><\/tr><tr><td class=\"has-text-align-center\" data-align=\"center\"># 18<\/td><td class=\"has-text-align-center\" data-align=\"center\">QB<\/td><td>Joe Leitola<\/td><\/tr><tr><td class=\"has-text-align-center\" data-align=\"center\"># 19<\/td><td class=\"has-text-align-center\" data-align=\"center\">RB \/ K<\/td><td>Marko Ahola<\/td><\/tr><tr><td class=\"has-text-align-center\" data-align=\"center\"># 22<\/td><td class=\"has-text-align-center\" data-align=\"center\">CB \/ WR<\/td><td>Samu Laakso<\/td><\/tr><tr><td class=\"has-text-align-center\" data-align=\"center\"># 23<\/td><td class=\"has-text-align-center\" data-align=\"center\">CB<\/td><td>Eino Jokio<\/td><\/tr><tr><td class=\"has-text-align-center\" data-align=\"center\"># 24<\/td><td class=\"has-text-align-center\" data-align=\"center\">RB<\/td><td>Jussef El Quacef<\/td><\/tr><tr><td class=\"has-text-align-center\" data-align=\"center\"># 25<\/td><td class=\"has-text-align-center\" data-align=\"center\">CB<\/td><td>Jani Karagias<\/td><\/tr><tr><td class=\"has-text-align-center\" data-align=\"center\"># 27<\/td><td class=\"has-text-align-center\" data-align=\"center\">WR \/ RB<\/td><td>Kimi Niiranen<\/td><\/tr><tr><td class=\"has-text-align-center\" data-align=\"center\"># 28<\/td><td class=\"has-text-align-center\" data-align=\"center\">RB \/ DB<\/td><td>Robert Hayden Signore (U.S.A.)<\/td><\/tr><tr><td class=\"has-text-align-center\" data-align=\"center\"># 32<\/td><td class=\"has-text-align-center\" data-align=\"center\">LB<\/td><td>Markus Nieminen<\/td><\/tr><tr><td class=\"has-text-align-center\" data-align=\"center\"># 42<\/td><td class=\"has-text-align-center\" data-align=\"center\">WR<\/td><td>Frank de Leeuw van Weenen (Holland)<\/td><\/tr><tr><td class=\"has-text-align-center\" data-align=\"center\"># 50<\/td><td class=\"has-text-align-center\" data-align=\"center\">FB \/ LB \/ DE<\/td><td>Antti Saari<\/td><\/tr><tr><td class=\"has-text-align-center\" data-align=\"center\"># 54<\/td><td class=\"has-text-align-center\" data-align=\"center\">OL<\/td><td>Timo J\u00e4\u00e4skel\u00e4inen<\/td><\/tr><tr><td class=\"has-text-align-center\" data-align=\"center\"># 56<\/td><td class=\"has-text-align-center\" data-align=\"center\">OL \/ DT<\/td><td>Tuomas R\u00f6nnqvist<\/td><\/tr><tr><td class=\"has-text-align-center\" data-align=\"center\"># 66<\/td><td class=\"has-text-align-center\" data-align=\"center\">OL<\/td><td>Kristian Valkonen<\/td><\/tr><tr><td class=\"has-text-align-center\" data-align=\"center\"># 69<\/td><td class=\"has-text-align-center\" data-align=\"center\">OL \/ DT<\/td><td>Janne Petjoi<\/td><\/tr><tr><td class=\"has-text-align-center\" data-align=\"center\"># 70<\/td><td class=\"has-text-align-center\" data-align=\"center\">DT<\/td><td>Anders Norrgrann<\/td><\/tr><tr><td class=\"has-text-align-center\" data-align=\"center\"># 75<\/td><td class=\"has-text-align-center\" data-align=\"center\">OL \/ DT<\/td><td>Tero Parttimaa<\/td><\/tr><tr><td class=\"has-text-align-center\" data-align=\"center\"># 77<\/td><td class=\"has-text-align-center\" data-align=\"center\">OL<\/td><td>Joonas Lappalainen<\/td><\/tr><tr><td class=\"has-text-align-center\" data-align=\"center\"># 80<\/td><td class=\"has-text-align-center\" data-align=\"center\">WR<\/td><td>Janne Happo<\/td><\/tr><tr><td class=\"has-text-align-center\" data-align=\"center\"># 81<\/td><td class=\"has-text-align-center\" data-align=\"center\">WR<\/td><td>Santeri Korkee<\/td><\/tr><tr><td class=\"has-text-align-center\" data-align=\"center\"># 82<\/td><td class=\"has-text-align-center\" data-align=\"center\">LB<\/td><td>Lasse Kylm\u00e4korpi<\/td><\/tr><tr><td class=\"has-text-align-center\" data-align=\"center\"># 83<\/td><td class=\"has-text-align-center\" data-align=\"center\">FS<\/td><td>Teemu Pahkala<\/td><\/tr><tr><td class=\"has-text-align-center\" data-align=\"center\"># 84<\/td><td class=\"has-text-align-center\" data-align=\"center\">DE \/ OL<\/td><td>Veli-Pekka Vuorela<\/td><\/tr><tr><td class=\"has-text-align-center\" data-align=\"center\"># 86<\/td><td class=\"has-text-align-center\" data-align=\"center\">TE<\/td><td>Lorenzo Luigi Ciatti (Italy)<\/td><\/tr><tr><td class=\"has-text-align-center\" data-align=\"center\"># 87<\/td><td class=\"has-text-align-center\" data-align=\"center\">TE<\/td><td>Vili Urpilainen<\/td><\/tr><tr><td class=\"has-text-align-center\" data-align=\"center\"># 88<\/td><td class=\"has-text-align-center\" data-align=\"center\">QB<\/td><td>Jarmo Manninen<\/td><\/tr><tr><td class=\"has-text-align-center\" data-align=\"center\"># 92<\/td><td class=\"has-text-align-center\" data-align=\"center\">LB<\/td><td>Ville-Veikko Pasanen<\/td><\/tr><tr><td class=\"has-text-align-center\" data-align=\"center\"># 94<\/td><td class=\"has-text-align-center\" data-align=\"center\">DT<\/td><td>Adam Ben Anene<\/td><\/tr><tr><td class=\"has-text-align-center\" data-align=\"center\"># 99<\/td><td class=\"has-text-align-center\" data-align=\"center\">LB<\/td><td>Juho Lepp\u00e4nen<\/td><\/tr><\/tbody><\/table><\/figure>\n\n\n\n<h2 class=\"wp-block-heading\" id=\"staff\"><strong>STAFF<\/strong><\/h2>\n\n\n\n<figure class=\"wp-block-table\"><table><tbody><tr><td>Head coach<\/td><td>Veli-Pekka Vuorela<\/td><\/tr><tr><td>Offensive coordinator<\/td><td>Borislav Hristov<\/td><\/tr><tr><td>Defensive coordinator<\/td><td>Teemu Pahkala<\/td><\/tr><tr><td>Special Teams<\/td><td>Ville-Veikko Pasanen<\/td><\/tr><tr><td>Media Team \/ Producer Manager<\/td><td>Niko Silventoinen<\/td><\/tr><\/tbody><\/table><\/figure>\n","protected":false},"excerpt":{"rendered":"<p>Blaze Roster 2016 Number Position Name # 1 FB \/ DE Ville Siiskonen # 2 [&hellip;]<\/p>\n","protected":false},"author":1,"featured_media":0,"parent":197,"menu_order":0,"comment_status":"closed","ping_status":"closed","template":"template-full-width.php","meta":{"inline_featured_image":false,"footnotes":""},"class_list":["post-290","page","type-page","status-publish","hentry"],"_links":{"self":[{"href":"https:\/\/malmiblaze.fi\/index.php?rest_route=\/wp\/v2\/pages\/290"}],"collection":[{"href":"https:\/\/malmiblaze.fi\/index.php?rest_route=\/wp\/v2\/pages"}],"about":[{"href":"https:\/\/malmiblaze.fi\/index.php?rest_route=\/wp\/v2\/types\/page"}],"author":[{"embeddable":true,"href":"https:\/\/malmiblaze.fi\/index.php?rest_route=\/wp\/v2\/users\/1"}],"replies":[{"embeddable":true,"href":"https:\/\/malmiblaze.fi\/index.php?rest_route=%2Fwp%2Fv2%2Fcomments&post=290"}],"version-history":[{"count":3,"href":"https:\/\/malmiblaze.fi\/index.php?rest_route=\/wp\/v2\/pages\/290\/revisions"}],"predecessor-version":[{"id":294,"href":"https:\/\/malmiblaze.fi\/index.php?rest_route=\/wp\/v2\/pages\/290\/revisions\/294"}],"up":[{"embeddable":true,"href":"https:\/\/malmiblaze.fi\/index.php?rest_route=\/wp\/v2\/pages\/197"}],"wp:attachment":[{"href":"https:\/\/malmiblaze.fi\/index.php?rest_route=%2Fwp%2Fv2%2Fmedia&parent=290"}],"curies":[{"name":"wp","href":"https:\/\/api.w.org\/{rel}","templated":true}]}}