{"id":440,"date":"2022-08-01T14:59:43","date_gmt":"2022-08-01T14:59:43","guid":{"rendered":"https:\/\/malmiblaze.fi\/?page_id=440"},"modified":"2022-08-15T15:17:44","modified_gmt":"2022-08-15T15:17:44","slug":"saturday-30th-of-july-report","status":"publish","type":"page","link":"https:\/\/malmiblaze.fi\/?page_id=440","title":{"rendered":"Saturday 30th of July &#8211; report"},"content":{"rendered":"\n<h1 class=\"wp-block-heading\">Tournament report Saturday 30th of July<\/h1>\n\n\n\n<h3 class=\"wp-block-heading\"><em><strong>Otteluraportin tarjoaa ProMesta Henkil\u00f6st\u00f6palvelut Oy<\/strong><\/em><\/h3>\n\n\n\n<p>Menneen\u00e4 lauantaina j\u00e4rjestettiin ProMesta Blazen 10-vuotiskauden odotetuin tapahtuma, kun ProMesta Bowl valtasi j\u00e4lleen Selekta Areenan Helsingin Lassilassa. Kaudella 2013 taipaleensa Malmilta aloittaneet, mutta sittemmin L\u00e4nsi-Helsinkiin kotipaikkansa pystytt\u00e4neet liekkimiehet saivat j\u00e4rjestett\u00e4v\u00e4kseen melkoisen show\u2019n, sill\u00e4 kaikki A-lohkon playoff-paikat olivat viel\u00e4 jaossa.<\/p>\n\n\n\n<p>Kotijoukkue Blaze saapui turnaukseen lohkon kolmantena, tasoissa lohkon toisena olevan Jyv\u00e4skyl\u00e4 Jaguarsin kanssa. Kun A-lohkoa johtava Joensuu Wolves taisteli viel\u00e4 runkosarjan voitosta \u2013 ja oikeudesta j\u00e4rjest\u00e4\u00e4 Final Four -turnaus \u2013 yhdess\u00e4 B-lohkon Porvoo Teurastajien kanssa, ja lohkon per\u00e4npit\u00e4j\u00e4ll\u00e4 Sipoo Bulldogsillakin oli yh\u00e4 mahdollisuus napata playoff-paikka Jaguarsin ja Blazen nen\u00e4n edest\u00e4, olivat turnauksen panokset t\u00e4htitieteellisen korkealla. Paikalle saapuneiden kannattajien hurmos ja sarjatasoon n\u00e4hden mittavat oheisj\u00e4rjestelyt eiv\u00e4t kuitenkaan t\u00e4ll\u00e4 kertaa riitt\u00e4neet siivitt\u00e4m\u00e4\u00e4n Blazea parhaimpaansa, vaan joukkue k\u00e4rsi kirvelev\u00e4t 12-32 ja 16-30 tappiot Sipoolle ja Joensuulle. Tappioiden my\u00f6t\u00e4 Final Four -paikkojen kohtalon piti olla jo selv\u00e4, mutta t\u00e4ss\u00e4 ei kuitenkaan ollut viel\u00e4 kaikki\u2026<\/p>\n\n\n\n<figure class=\"wp-block-image size-large\"><img loading=\"lazy\" decoding=\"async\" width=\"1024\" height=\"683\" src=\"https:\/\/malmiblaze.fi\/wp-content\/uploads\/2022\/08\/IMG_4159-1024x683.jpg\" alt=\"\" class=\"wp-image-441\" srcset=\"https:\/\/malmiblaze.fi\/wp-content\/uploads\/2022\/08\/IMG_4159-1024x683.jpg 1024w, https:\/\/malmiblaze.fi\/wp-content\/uploads\/2022\/08\/IMG_4159-300x200.jpg 300w, https:\/\/malmiblaze.fi\/wp-content\/uploads\/2022\/08\/IMG_4159-768x512.jpg 768w, https:\/\/malmiblaze.fi\/wp-content\/uploads\/2022\/08\/IMG_4159-1536x1024.jpg 1536w, https:\/\/malmiblaze.fi\/wp-content\/uploads\/2022\/08\/IMG_4159-2048x1365.jpg 2048w\" sizes=\"(max-width: 1024px) 100vw, 1024px\" \/><\/figure>\n\n\n\n<h2 class=\"wp-block-heading\"><strong>Lintu, lentokone, puudeli vai bulldoggi?<\/strong><\/h2>\n\n\n\n<h3 class=\"wp-block-heading\"><strong>ProMesta Blaze \u2013 Sipoo Bulldogs 12-32 (6-24)<\/strong><\/h3>\n\n\n\n<p>Kun Jyv\u00e4skyl\u00e4 Jaguars voitti Joensuu Wolvesin ProMesta Bowlin avausottelussa, tarkoitti se Blazelle k\u00e4yt\u00e4nn\u00f6ss\u00e4 pakkovoittoa Sipoosta, jotta joukkueen pudotuspelihaaveet pysyisiv\u00e4t elossa. Tappiolla Blazen pudotuspelikohtalo ei olisi en\u00e4\u00e4 sen omissa k\u00e4siss\u00e4, vaan pudotuspelipaikan arvontaankin p\u00e4\u00e4seminen edellytt\u00e4isi, ett\u00e4 Sipoo voittaisi Jyv\u00e4skyl\u00e4n turnauksen p\u00e4\u00e4t\u00f6sottelussa.<\/p>\n\n\n\n<p>Ottelun panoksiin n\u00e4hden alku ei olisi voinut olla juuri karmaisevampi Blazelle, kun Sipoo jyr\u00e4si heti ensimm\u00e4isell\u00e4 drivellaan pallon pohjiin jo aiemmista kohtaamisista vaikeasti pys\u00e4ytett\u00e4viksi tiedetyill\u00e4 kiertopeleill\u00e4\u00e4n. Blazen hy\u00f6kk\u00e4ys joutui omalla vuorollaan tukalaan tilanteeseen, kun Sipoon puolustuksen paine l\u00f6ysi kerta toisensa j\u00e4lkeen tiens\u00e4 takakent\u00e4lle \u2013 hy\u00f6kk\u00e4yksen linjan avainpelaajan <strong><mark style=\"background-color:#fcb900\" class=\"has-inline-color has-black-color\">Simeon Siltam\u00e4en<\/mark><\/strong> tippuminen kokoonpanosta vain tunteja ennen turnausta n\u00e4kyi selv\u00e4sti ottelun alussa. Blaze oli pakotettu luopumaan pallosta ja Sipoo p\u00e4\u00e4si aloittamaan seuraavan hy\u00f6kk\u00e4yksens\u00e4 omalta 20 jaardin tasaltaan.<\/p>\n\n\n\n<p>Sipoon toinen hy\u00f6kk\u00e4ysvuoro oli kuitenkin Blazen puolustuksen juhlaa. Bulldogsin pallonkantajia tutustutettiin Selekta Areenan tekonurmen pintaan useamman kerran aloituslinjan takana. Kaiken kruunuksi Blaze sai ahdistettua Sipoon pelinrakentajan omalle maalialueelleen, jolloin h\u00e4n h\u00e4t\u00e4\u00e4ntyneen\u00e4 heitti pallon \u201dsinne p\u00e4in\u201d kohti kent\u00e4n keskustaa. Palloa ei ollutkaan koppaamassa meemist\u00e4 tuttu Tyreek Hill, vaan Blazen tukimies <strong><mark style=\"background-color:#fcb900\" class=\"has-inline-color has-black-color\">Markus Nieminen<\/mark><\/strong>, joka palautti sy\u00f6t\u00f6nkatkon pohjiin touchdownin arvoisesti, tehden kaksi upeaa harhautusta suorituksensa aikana. Vaikka lis\u00e4piste ep\u00e4onnistuikin, sai koko Blazen joukkue t\u00e4st\u00e4 suorituksesta n\u00e4kyv\u00e4sti lis\u00e4\u00e4 virtaa ja ottelu oli kumman tahansa voitettavissa.<\/p>\n\n\n\n<p>Vaikka Blazen puolustus saikin Sipoon hetkellisesti n\u00e4ytt\u00e4m\u00e4\u00e4n vain kasalta kesyj\u00e4 sylikoiria, jotka ovat eksyneet aivan v\u00e4\u00e4r\u00e4\u00e4n sarjaan, Bulldogs sai kasattua rivins\u00e4 nopeasti eik\u00e4 en\u00e4\u00e4 tehnyt merkitt\u00e4vi\u00e4 virheit\u00e4 ottelussa. Blazen hy\u00f6kk\u00e4ys ei juurikaan kolkutellut Sipoon maalialueen portteja, lukuun ottamatta <strong><mark style=\"background-color:#fcb900\" class=\"has-inline-color has-black-color\">Gustav Wahlsteinille<\/mark><\/strong> pelattua hienoa sy\u00f6tt\u00f6peli\u00e4, jolla kotijoukkue teki ottelun toisen ja viimeisen touchdowninsa.<\/p>\n\n\n\n<p>Blazen puolustus sai Sipoon kolmannella hy\u00f6kk\u00e4ysvuorolla jobinpostia, kun tukimies Nieminen loukkasi jalkaansa taklaustilanteessa, eik\u00e4 pystynyt en\u00e4\u00e4 jatkamaan ottelua. Niemisen j\u00e4tt\u00e4m\u00e4st\u00e4 massiivisesta aukosta huolimatta puolustus venyi ottelun edetess\u00e4 useampaan komeaan yksil\u00f6suorituksen, kuten takapuolustaja <strong><mark style=\"background-color:#fcb900\" class=\"has-inline-color has-black-color\">Jani Hakalan<\/mark><\/strong> kauden toinen sy\u00f6t\u00f6nkatko ja puolustuksen linjan useampi pelinrakentajan s\u00e4kitys osoittavat, mutta kollektiivisesti joukkue antoi vastustajalle liikaa jaardeja, liikaa tilaa ja liikaa pisteit\u00e4.<\/p>\n\n\n\n<p>Kokonaisuutena Bulldogs-ottelu j\u00e4tti paljon jossiteltavaa Blazen pukukoppiin: ilman Niemisen loukkaantumista, muutamaa kriittist\u00e4 kolmatta yrityst\u00e4 ja pudotettua sy\u00f6tt\u00f6\u00e4 olisi ottelusta voinut tulla huomattavasti erilainen. Blaze sai my\u00f6s osansa tuomarivirheist\u00e4, sill\u00e4 Sipoon lateral-sy\u00f6t\u00f6ll\u00e4 syntynyt toinen touchdown olisi pit\u00e4nyt hyl\u00e4t\u00e4, kun kyseess\u00e4 oli nelj\u00e4s yritys ja pallo oli jo kertaalleen r\u00e4hm\u00e4tty, jolloin sit\u00e4 olisi saanut edist\u00e4\u00e4 vain pallon alun perin r\u00e4hm\u00e4nnyt pelaaja. Lopputulos on kuitenkin siin\u00e4 m\u00e4\u00e4rin oikeutettu, ett\u00e4 Bulldogs oli suurimman osan ottelusta niskan p\u00e4\u00e4ll\u00e4, kun taas Blazen taso heilahteli rajusti pelin sis\u00e4ll\u00e4.<\/p>\n\n\n\n<figure class=\"wp-block-image size-large\"><img loading=\"lazy\" decoding=\"async\" width=\"1024\" height=\"645\" src=\"https:\/\/malmiblaze.fi\/wp-content\/uploads\/2022\/08\/IMG_4265-1024x645.jpg\" alt=\"\" class=\"wp-image-443\" srcset=\"https:\/\/malmiblaze.fi\/wp-content\/uploads\/2022\/08\/IMG_4265-1024x645.jpg 1024w, https:\/\/malmiblaze.fi\/wp-content\/uploads\/2022\/08\/IMG_4265-300x189.jpg 300w, https:\/\/malmiblaze.fi\/wp-content\/uploads\/2022\/08\/IMG_4265-768x484.jpg 768w, https:\/\/malmiblaze.fi\/wp-content\/uploads\/2022\/08\/IMG_4265-1536x967.jpg 1536w, https:\/\/malmiblaze.fi\/wp-content\/uploads\/2022\/08\/IMG_4265-2048x1289.jpg 2048w\" sizes=\"(max-width: 1024px) 100vw, 1024px\" \/><\/figure>\n\n\n\n<h2 class=\"wp-block-heading\"><strong>Isot pahat sudet<\/strong><\/h2>\n\n\n\n<h2 class=\"wp-block-heading\"><strong>ProMesta Blaze \u2013 Joensuu Wolves 16-30 (8-22)<\/strong><\/h2>\n\n\n\n<p>Joensuu Wolvesilla on ollut vuosien saatossa sangen ik\u00e4v\u00e4 tapa saada Blaze n\u00e4ytt\u00e4m\u00e4\u00e4n peuranvasalta keskell\u00e4 susilauman saalisjahtia, niin vakuuttavasti joensuulaiset ovat vieneet otteluita nimiins\u00e4. Lauantain toiseen ottelunsa Blaze tuntui kuitenkin kasvattaneen jo jonkunlaiset sarvet, joilla iske\u00e4 takaisin, sill\u00e4 ottelusta muodostui tasaisempi kuin pelin lopputulos antaa olettaa. Todella kapealla kokoonpanolla Helsinkiin saapunut sek\u00e4 Jyv\u00e4skyl\u00e4\u00e4 vastaan pelatun titaanien taiston aiheuttamista kolhuista ja krampeista l\u00e4pi Blaze-kohtaamisen k\u00e4rsinyt Wolves olisi hyvinkin ollut helsinkil\u00e4isten liekkimiesten grillattavissa.<\/p>\n\n\n\n<p>Ottelun alku muistutti kuitenkin suurilta osin viikon takaista kohtaamista Jyv\u00e4skyl\u00e4ss\u00e4, kun Joensuun option- sek\u00e4 kiertopelit blokkeineen upposivat kerta toisensa j\u00e4lkeen Blazen kovia kokeneeseen puolustukseen. Ep\u00e4selvyytt\u00e4 ei j\u00e4\u00e4nyt siit\u00e4, mik\u00e4 on tasoero Vaahteraliigassakin pelanneiden Joensuun ykk\u00f6stykkien ja Blazen suurilta osin puhtaista lajiharrastajista koostuvien pelaajien v\u00e4lill\u00e4. Ottelun alussa n\u00e4kyi my\u00f6s se, ett\u00e4 Blaze joutui pelaamaan toisen ottelun per\u00e4kk\u00e4in, kun taas Joensuu oli saanut lev\u00e4t\u00e4 edelt\u00e4v\u00e4t kaksi tuntia ja oli n\u00e4in tuoreemmassa iskussa ja valmiina iskem\u00e4\u00e4n.<\/p>\n\n\n\n<p>Vastustajan v\u00e4syess\u00e4 Blaze alkoi p\u00e4\u00e4st\u00e4 koko ajan paremmin mukaan peliin. Otteiden ailahtelevuus t\u00e4rkeill\u00e4 yrityksill\u00e4 j\u00e4tti Blazen avauspuoliajan pistesaldon kuitenkin vain kahdeksaan, kun pelinrakentaja <strong><mark style=\"background-color:#fcb900\" class=\"has-inline-color has-black-color\">Vili Leinonen<\/mark><\/strong> juoksi pallon hamsterin lailla maalialueelle aivan sivurajan tuntumassa, jonka j\u00e4lkeen lis\u00e4pisteyritys p\u00e4\u00e4tyi sisemp\u00e4n\u00e4 laitahy\u00f6kk\u00e4\u00e4j\u00e4n\u00e4 pelanneen Wahlsteinin varmoihin k\u00e4siin maalialueella.<\/p>\n\n\n\n<p>Ottelun toinen puoliaika oli todella rikkin\u00e4inen, l\u00e4hinn\u00e4 Joensuun pelaajien pienten loukkaantumisten ja kramppien aiheuttamien lukuisten tuomariaikalisien vuoksi. Wolvesin menetetty\u00e4 isoimpia sy\u00f6m\u00e4hampaitaan yh\u00e4 useammin vaihtopenkin puolelle lep\u00e4\u00e4m\u00e4\u00e4n, ottelu tasoittui huomattavasti ja kumpikin joukkue teki toisella puoliajalla vain yhden touchdownin.<\/p>\n\n\n\n<p>Pelinrakentajansa loukkaantumisen takia menett\u00e4nyt Blaze pelasi suurimman osan toisesta puolikkaasta wildcat-ryhmityksest\u00e4, josta syntyi my\u00f6s ottelun viimeinen touchdown. Keskushy\u00f6kk\u00e4\u00e4j\u00e4n\u00e4 paremmin tunnettu <strong><mark style=\"background-color:#fcb900\" class=\"has-inline-color has-black-color\">Patrick Story<\/mark><\/strong> pujotteli hyvien blokkien saattelemana tiens\u00e4 maalialueelle kuin Kalle Palander uransa huippuvuosina \u2013 liek\u00f6 t\u00e4ss\u00e4 tieteellinen todiste siit\u00e4, ett\u00e4 hiusten v\u00e4hyys korreloi paremman ketteryyden kanssa? Lis\u00e4pisteyrityskin onnistui, kun Joensuun takapuolustajan fyysiseksi \u00e4itynyt est\u00e4minenk\u00e4\u00e4n ei pys\u00e4ytt\u00e4nyt laitahy\u00f6kk\u00e4\u00e4j\u00e4 <strong><mark style=\"background-color:#fcb900\" class=\"has-inline-color has-black-color\">Kimmo T\u00e4hk\u00e4p\u00e4\u00e4t\u00e4<\/mark><\/strong> nappaamasta kauden ensimm\u00e4isi\u00e4 pisteit\u00e4\u00e4n. Pelikello tikitti kuitenkin Blazea vastaan liian nopeasti ja joukkueen kiri j\u00e4i lyhyeksi. Ottelu p\u00e4\u00e4ttyi susilauman voittoon numeroin 16-30, mik\u00e4 tarkoitti, ett\u00e4 Blazen urakka kauden 2022 \u00c4ij\u00e4liigassa p\u00e4\u00e4ttyy runkosarjaan riippumatta Jyv\u00e4skyl\u00e4n ja Sipoon v\u00e4lisen ottelun lopputuloksesta.<\/p>\n\n\n\n<figure class=\"wp-block-image size-large\"><img loading=\"lazy\" decoding=\"async\" width=\"1024\" height=\"672\" src=\"https:\/\/malmiblaze.fi\/wp-content\/uploads\/2022\/08\/IMG_4185-1-1024x672.jpg\" alt=\"\" class=\"wp-image-444\" srcset=\"https:\/\/malmiblaze.fi\/wp-content\/uploads\/2022\/08\/IMG_4185-1-1024x672.jpg 1024w, https:\/\/malmiblaze.fi\/wp-content\/uploads\/2022\/08\/IMG_4185-1-300x197.jpg 300w, https:\/\/malmiblaze.fi\/wp-content\/uploads\/2022\/08\/IMG_4185-1-768x504.jpg 768w, https:\/\/malmiblaze.fi\/wp-content\/uploads\/2022\/08\/IMG_4185-1-1536x1008.jpg 1536w, https:\/\/malmiblaze.fi\/wp-content\/uploads\/2022\/08\/IMG_4185-1-2048x1344.jpg 2048w\" sizes=\"(max-width: 1024px) 100vw, 1024px\" \/><\/figure>\n\n\n\n<h2 class=\"wp-block-heading\"><strong>Kerta kiellon p\u00e4\u00e4lle<\/strong><\/h2>\n\n\n\n<p>ProMesta Blaze ei ehtinyt kauaa surra pettymykseen p\u00e4\u00e4ttynytt\u00e4 kauttaan, joka oli hyv\u00e4n alun j\u00e4lkeen l\u00e4ss\u00e4ht\u00e4nyt pahemman kerran. Pelaajat olivat h\u00e4din tuskin ehtineet istahtaa kotisohvilleen, kun B-lohkosta kantautui kummia: lohkon toisen playoff-paikan varmistanut Vaasa Vikings ei pysty osallistumaan finaaliturnaukseen ja luovuttaa paikkansa eteenp\u00e4in. B-lohkon viimeiseksi sijoittanut Pirkkala Spartans ei my\u00f6sk\u00e4\u00e4n halunnut ottaa paikkaa vastaan, joten osallistumisoikeutta pudotuspeleihin tarjottiin nyt A-lohkon kolmanneksi sijoittuneelle Blazelle. T\u00e4m\u00e4 erikoinen taivaanlahja otettiin innostuneesti vastaan ja nyt joukkue saakin valmistautua kahden viikon kuluttua Porvoossa pelattavaan lopputurnaukseen. Seuraavien kahden viikon aikana Blazen koko joukkueen tarvitsee kuitenkin saada huomattavasti lis\u00e4\u00e4 tasaisuutta peliins\u00e4, muuten kyyti v\u00e4lier\u00e4ss\u00e4 runkosarjan voittanutta Porvoo Teurastajia vastaan voi olla kylm\u00e4\u00e4.<\/p>\n","protected":false},"excerpt":{"rendered":"<p>Tournament report Saturday 30th of July Otteluraportin tarjoaa ProMesta Henkil\u00f6st\u00f6palvelut Oy Menneen\u00e4 lauantaina j\u00e4rjestettiin ProMesta [&hellip;]<\/p>\n","protected":false},"author":1,"featured_media":0,"parent":45,"menu_order":0,"comment_status":"closed","ping_status":"closed","template":"","meta":{"inline_featured_image":false,"footnotes":""},"class_list":["post-440","page","type-page","status-publish","hentry"],"_links":{"self":[{"href":"https:\/\/malmiblaze.fi\/index.php?rest_route=\/wp\/v2\/pages\/440"}],"collection":[{"href":"https:\/\/malmiblaze.fi\/index.php?rest_route=\/wp\/v2\/pages"}],"about":[{"href":"https:\/\/malmiblaze.fi\/index.php?rest_route=\/wp\/v2\/types\/page"}],"author":[{"embeddable":true,"href":"https:\/\/malmiblaze.fi\/index.php?rest_route=\/wp\/v2\/users\/1"}],"replies":[{"embeddable":true,"href":"https:\/\/malmiblaze.fi\/index.php?rest_route=%2Fwp%2Fv2%2Fcomments&post=440"}],"version-history":[{"count":3,"href":"https:\/\/malmiblaze.fi\/index.php?rest_route=\/wp\/v2\/pages\/440\/revisions"}],"predecessor-version":[{"id":486,"href":"https:\/\/malmiblaze.fi\/index.php?rest_route=\/wp\/v2\/pages\/440\/revisions\/486"}],"up":[{"embeddable":true,"href":"https:\/\/malmiblaze.fi\/index.php?rest_route=\/wp\/v2\/pages\/45"}],"wp:attachment":[{"href":"https:\/\/malmiblaze.fi\/index.php?rest_route=%2Fwp%2Fv2%2Fmedia&parent=440"}],"curies":[{"name":"wp","href":"https:\/\/api.w.org\/{rel}","templated":true}]}}